(base 7) in base 14?
a60
10355 (base 7) to base 13
1241
What is -21041 (base 5) in base 6?
-10244
11321 (base 4) to base 11
313
Convert -578 (base 12) to base 3.
-1010002
What is -523 (base 10) in base 6?
-2231
Convert 952 (base 11) to base 8.
2172
What is 12339 (base 10) in base 14?
46d5
Convert -10334 (base 8) to base 10.
-4316
-201120110 (base 3) to base 14
-52b2
Convert 110010010 (base 2) to base 6.
1510
-40635 (base 8) to base 10
-16797
What is -21203102 (base 4) in base 15?
-b8d2
af (base 16) to base 3
20111
Convert -204 (base 11) to base 9.
-303
What is 14b4 (base 14) in base 12?
2172
Convert 37751 (base 9) to base 4.
12030313
-1305 (base 6) to base 3
-110012
Convert -db80 (base 15) to base 5.
-2441340
206a (base 12) to base 10
3538
2256 (base 7) to base 13
4b6
What is 6cb3 (base 13) in base 11?
105a0
110001100000 (base 2) to base 7
12144
What is 23130 (base 6) in base 10?
3294
42341 (base 6) to base 13
2803
-376 (base 9) to base 15
-15c
What is 124a (base 11) in base 13?
982
-4ab (base 15) to base 10
-1061
Convert -215a (base 16) to base 8.
-20532
-1e53 (base 16) to base 13
-36c2
-11c2 (base 13) to base 3
-10110111
-5203 (base 7) to base 8
-3430
What is 122011 (base 3) in base 5?
3323
Convert -36503 (base 7) to base 9.
-14035
Convert 140042 (base 8) to base 5.
3033221
-3303 (base 4) to base 5
-1433
140112 (base 5) to base 9
7675
11523 (base 6) to base 8
3253
What is -2271 (base 11) in base 4?
-232212
Convert 324 (base 11) to base 10.
389
Convert 3803 (base 13) to base 15.
254b
Convert 15152 (base 7) to base 15.
13a2
-8588 (base 11) to base 8
-26125
764 (base 14) to base 15
675
Convert 362f (base 16) to base 10.
13871
What is 3652 (base 8) in base 12?
1176
What is -1234432 (base 5) in base 13?
-b125
-202550 (base 6) to base 15
-4be9
Convert -1452 (base 15) to base 8.
-10400
What is -43681 (base 9) in base 13?
-10270
What is -22757 (base 9) in base 6?
-154211
133 (base 11) to base 16
9d
What is -2332 (base 4) in base 6?
-514
-17 (base 16) to base 4
-113
What is 11213303 (base 4) in base 5?
1214102
What is 10101 (base 4) in base 8?
421
-26423 (base 10) to base 2
-110011100110111
-600 (base 10) to base 9
-736
-1112 (base 9) to base 14
-429
-458 (base 10) to base 5
-3313
Convert -66 (base 11) to base 14.
-52
120661 (base 7) to base 4
11112322
Convert -11229 (base 12) to base 14.
-8437
1010111001 (base 2) to base 14
37b
Convert 34a9 (base 11) to base 12.
27b0
10000000 (base 2) to base 15
88
Convert -c9eb (base 15) to base 13.
-165c2
Convert 7806 (base 13) to base 8.
40541
Convert -1422110 (base 5) to base 4.
-13033113
-5712 (base 11) to base 15
-2360
Convert 3602 (base 8) to base 12.
1142
42a (base 12) to base 5
4420
-1140 (base 5) to base 2
-10101010
What is 10001001000 (base 2) in base 8?
2110
1666 (base 12) to base 10
2670
Convert 202212 (base 4) to base 2.
100010100110
213 (base 15) to base 11
396
Convert -2333 (base 5) to base 13.
-205
What is 2919 (base 11) in base 4?
322323
What is -24477 (base 9) in base 8?
-40060
-101121 (base 3) to base 2
-100011110
What is -2a9 (base 14) in base 11?
-452
Convert 521 (base 12) to base 16.
2e9
-436214 (base 7) to base 10
-76598
What is -f1 (base 16) in base 4?
-3301
Convert -177 (base 9) to base 2.
-10010111
-6012 (base 9) to base 11
-3327
-201212 (base 3) to base 16
-218
What is -514 (base 7) in base 6?
-1104
Convert 2010 (base 5) to base 9.
313
What is -7700 (base 16) in base 9?
-45708
-1020110 (base 3) to base 14
-487
Convert 644c (base 15) to base 13.
9876
Convert 1746 (base 9) to base 16.
53a
-26a (base 13) to base 6
-1550
-205 (base 15) to base 14
-247
-2120211 (base 3) to base 7
-5332
12205 (base 6) to base 7
5156
What is -46 (base 16) in base 12?
-5a
9a1 (base 11) to base 6
5320
Convert -a34 (base 11) to base 10.
-1247
105626 (base 7) to base 10
18836
What is 582 (base 9) in base 6?
2115
-13423 (base 6) to base 2
-100000110111
125 (base 9) to base 14
76
-2210341 (base 5) to base 6
-452541
What is -a92 (base 11) in base 8?
-2437
-1756 (base 13) to base 16
-d7b
Convert -3c0 (base 16) to base 4.
-33000
What is -52 (base 13) in base 11?
-61
What is 220102222 (base 3) in base 12?
a38b
What is -356b (base 15) in base 3?
-120120102
What is 48e (base 15) in base 11?
860
1010101000 (base 2) to base 6
3052
359a (base 13) to base 16
1d8b
What is -1c04 (base 13) in base 8?
-10205
Convert -1011 (base 5) to base 4.
-2003
What is -53b (base 13) in base 10?
-895
What is 2335 (base 10) in base 9?
3174
29 (base 12) to base 16
21
What is -224 (base 16) in base 10?
-548
What is 424314 (base 5) in base 10?
14334
-2114 (base 5) to base 4
-10130
What is 16311 (base 7) in base 13?
213c
Convert 617 (base 8) to base 5.
3044
2a (base 14) to base 6
102
Convert 223124 (base 5) to base 7.
32034
-2576 (base 15) to base 2
-1111100110010
Convert -215a (base 12) to base 10.
-3670
Convert -659 (base 13) to base 4.
-101000
What is 2a51 (base 16) in base 8?
25121
What is -1300 (base 6) in base 3?
-110000
Convert 67b2 (base 13) to base 8.
34256
What is 52c (base 14) in base 2?
1111111100
Convert 203033 (base 4) to base 10.
2255
438 (base 9) to base 2
101100111
Convert 12752 (base 8) to base 11.
4240
7422 (base 11) to base 15
2da0
Convert -197 (base 13) to base 3.
-101212
What is -52131 (base 8) in base 3?
-1002121202
Convert -2133342 (base 5) to base 13.
-1393a
Convert -7050 (base 8) to base 10.
-3624
-804 (base 12) to base 10
-1156
Convert 1639 (base 16) to base 9.
7721
What is -143 (base 5) in base 16?
-30
66331 (base 8) to base 7
144145
Convert 3260 (base 10) to base 5.
101020
c56 (base 13) to base 15
94e
Convert 11000000 (base 2) to base 5.
1232
What is 1c0 (base 16) in base 14?
240
Convert -14f (base 16) to base 9.
-412
521 (base 16) to base 8
2441
What is 13007 (base 8) in base 16?
1607
Convert 5120 (base 8) to base 6.
20120
-1014 (base 7) to base 2
-101100010
What is 770 (base 10) in base 14?
3d0
Convert -13111 (base 4) to base 5.
-3334
What is -1482 (base 13) in base 2?
-101110100011
Convert -11113 (base 5) to base 14.
-3dd
Convert e6bd (base 16) to base 3.
10000000202
Convert -6a0 (base 14) to base 3.
-1210202
Convert -134a (base 15) to base 11.
-3106
What is 415 (base 7) in base 15?
dd
-352 (base 16) to base 15
-3ba
-4310301 (base 5) to base 8
-215600
Convert -120 (base 6) to base 4.
-300
Convert 3150 (base 15) to base 10.
10425
What is -37775 (base 9) in base 3?
-1021212112
What is 55 (base 14) in base 8?
113
1042 (base 7) to base 14
1c9
-1015 (base 9) to base 16
-2e7
Convert -552 (base 11) to base 4.
-22112
What is -1770 (base 9) in base 7?
-3651
304431 (base 6) to base 3
1020102001
What is 11614 (base 12) in base 7?
125026
What is 5740 (base 10) in base 15?
1a7a
What is 314205 (base 6) in base 3?
1022001212
What is -72a (base 15) in base 10?
-1615
Convert 1215 (base 7) to base 12.
319
-3112330 (base 4) to base 10
-13756
What is 1110010010101 (base 2) in base 8?
16225
Convert 72cf (base 16) to base 4.
13023033
Convert -13501 (base 6) to base 3.
-2220201
What is -201222021 (base 3) in base 11?
-aa37
Convert 477 (base 14) to base 5.
12024
Convert 23101 (base 4) to base 15.
331
Convert 31a (base 11) to base 6.
1440
What is 96a (base 14) in base 6?
12334
Convert -200011200 (base 3) to base 14.
-4b84
-11 (base 10) to base 5
-21
Convert -5be (base 15) to base 13.
-794
Convert -149b (base 16) to base 7.
-21244
What is 2372 (base 10) in base 6?
14552
Convert c6 (base 15) to base 11.
15a
Convert 2040 (base 6) to base 8.
710
What is 13567 (base 10) in base 14?
4d31
Convert -1c1 (base 16) to base 3.
-121122
9cac (base 14) to base 5
1332300
-c0d (base 15) to base 8
-5231
Convert -511122 (base 6) to base 13.
-1553c
What is 198 (base 12) in base 4?
10010
Convert -1ba (base 12) to base 10.
-286
Convert 138 (base 10) to base 13.
a8
What is 104005 (base 6) in base 12?
5005
2119 (base 16) to base 7
33463
Convert 291 (base 10) to base 4.
10203
Convert -14a54 (base 12) to base 11.
-1a9a2
What is -10011111100 (base 2) in base 5?
-20101
Convert 235 (base 13) to base 14.
1d4
Convert -42353 (base 6) to base 10.
-5757
What is 777 (base 12) in base 6?
5031
2911 (base 10) to base 3
10222211
What is 1404 (base 5) in base 12?
171
What is -906 (base 11) in base 3?
-1111120
What is -582 (base 14) in base 7?
-3122
What is -903 (base 15) in bas